{"id":15,"date":"2024-08-15T02:59:14","date_gmt":"2024-08-15T02:59:14","guid":{"rendered":"https:\/\/latinamerica-es.myocci.org\/?page_id=15"},"modified":"2024-08-15T02:59:14","modified_gmt":"2024-08-15T02:59:14","slug":"bienvenido-a-casa","status":"publish","type":"page","link":"https:\/\/latinamerica-es.myocci.org\/","title":{"rendered":"Bienvenido a Casa!"},"content":{"rendered":"<div class=\"wp-block-image\">\n<figure class=\"alignright size-large is-resized\"><img loading=\"lazy\" decoding=\"async\" width=\"1024\" height=\"1013\" src=\"http:\/\/latinamerica-es.myocci.org\/wp-content\/uploads\/sites\/16\/2024\/08\/OCCI-LA-shield-V1-1024x1013.png\" alt=\"\" class=\"wp-image-10\" style=\"width:253px;height:auto\" srcset=\"https:\/\/latinamerica-es.myocci.org\/wp-content\/uploads\/sites\/16\/2024\/08\/OCCI-LA-shield-V1-1024x1013.png 1024w, https:\/\/latinamerica-es.myocci.org\/wp-content\/uploads\/sites\/16\/2024\/08\/OCCI-LA-shield-V1-300x297.png 300w, https:\/\/latinamerica-es.myocci.org\/wp-content\/uploads\/sites\/16\/2024\/08\/OCCI-LA-shield-V1-768x759.png 768w, https:\/\/latinamerica-es.myocci.org\/wp-content\/uploads\/sites\/16\/2024\/08\/OCCI-LA-shield-V1-1536x1519.png 1536w, https:\/\/latinamerica-es.myocci.org\/wp-content\/uploads\/sites\/16\/2024\/08\/OCCI-LA-shield-V1-2048x2025.png 2048w\" sizes=\"auto, (max-width: 1024px) 100vw, 1024px\" \/><\/figure>\n<\/div>\n\n\n<p>El Vicariato General de latino am\u00e9rica, es una jurisdicci\u00f3n O.C.C.I. asignada a la custodia de la Sociedad Sacerdotal San Ignacio de Loyola que atiende a las comunidades de habla Hispana que comprende desde M\u00e9xico hasta Argentina. Dando as\u00ed un aporte en la construcci\u00f3n del reino de Dios en tierras latinoamericanas, esta jurisdicci\u00f3n no busca competir, ni tampoco crear rivalidades con ninguna instituci\u00f3n eclesial, porque la filosof\u00eda de O.C.C.I. es trabajar la unidad cristiana como \u00fanico fundamento de fe. Porque es Jes\u00fas la cabeza de la Iglesia, aunque seamos diversos, somos uno: en la fe y en el seguimiento del Maestro. Por tanto, nuestro vicariato es un vicariato inclusivo y abierto donde no vemos diferencias externas, sino que vemos personas que buscan ser escuchadas y atendidas en el sentido de compartir el evangelio. Las obras que est\u00e1n en esta vicaria y que de hecho son respaldadas totalmente por nuestra Sociedad Sacerdotal y la O.C.C.I., son el Observatorio Ecum\u00e9nico Racional \u201cIgnaz Von D\u00f6llinger\u201d, Centro de Investigaci\u00f3n e Informaci\u00f3n Veterocat\u00f3lica \u201cC.I.I.V\u201d y el Movimiento de Consciencia en Jes\u00fas.<br><\/p>\n","protected":false},"excerpt":{"rendered":"<p>El Vicariato General de latino am\u00e9rica, es una jurisdicci\u00f3n O.C.C.I. asignada a la custodia de la Sociedad Sacerdotal San Ignacio de Loyola que atiende a las comunidades de habla Hispana que comprende desde M\u00e9xico hasta Argentina. Dando as\u00ed un aporte en la construcci\u00f3n del reino de Dios en tierras latinoamericanas, esta jurisdicci\u00f3n no busca competir, &#8230; <a title=\"Bienvenido a Casa!\" class=\"read-more\" href=\"https:\/\/latinamerica-es.myocci.org\/\" aria-label=\"Read more about Bienvenido a Casa!\">Read more<\/a><\/p>\n","protected":false},"author":1,"featured_media":0,"parent":0,"menu_order":0,"comment_status":"closed","ping_status":"closed","template":"","meta":{"footnotes":""},"class_list":["post-15","page","type-page","status-publish"],"_links":{"self":[{"href":"https:\/\/latinamerica-es.myocci.org\/index.php?rest_route=\/wp\/v2\/pages\/15","targetHints":{"allow":["GET"]}}],"collection":[{"href":"https:\/\/latinamerica-es.myocci.org\/index.php?rest_route=\/wp\/v2\/pages"}],"about":[{"href":"https:\/\/latinamerica-es.myocci.org\/index.php?rest_route=\/wp\/v2\/types\/page"}],"author":[{"embeddable":true,"href":"https:\/\/latinamerica-es.myocci.org\/index.php?rest_route=\/wp\/v2\/users\/1"}],"replies":[{"embeddable":true,"href":"https:\/\/latinamerica-es.myocci.org\/index.php?rest_route=%2Fwp%2Fv2%2Fcomments&post=15"}],"version-history":[{"count":1,"href":"https:\/\/latinamerica-es.myocci.org\/index.php?rest_route=\/wp\/v2\/pages\/15\/revisions"}],"predecessor-version":[{"id":16,"href":"https:\/\/latinamerica-es.myocci.org\/index.php?rest_route=\/wp\/v2\/pages\/15\/revisions\/16"}],"wp:attachment":[{"href":"https:\/\/latinamerica-es.myocci.org\/index.php?rest_route=%2Fwp%2Fv2%2Fmedia&parent=15"}],"curies":[{"name":"wp","href":"https:\/\/api.w.org\/{rel}","templated":true}]}}